remainder when 597123 is divided by 121?
109
Calculate the remainder when 10440643 is divided by 1740103.
25
What is the remainder when 741672 is divided by 807?
39
What is the remainder when 4799615 is divided by 1199867?
147
What is the remainder when 379394 is divided by 75872?
34
Calculate the remainder when 69597790 is divided by 97.
96
Calculate the remainder when 130889 is divided by 3631.
173
What is the remainder when 7874553 is divided by 5?
3
What is the remainder when 26058318 is divided by 2988?
2958
What is the remainder when 916982 is divided by 2830?
62
Calculate the remainder when 55538223 is divided by 18.
15
Calculate the remainder when 84150 is divided by 3113.
99
What is the remainder when 48114087 is divided by 494?
463
What is the remainder when 21219258 is divided by 795?
708
What is the remainder when 233109 is divided by 6260?
1489
Calculate the remainder when 21634 is divided by 84.
46
Calculate the remainder when 449444 is divided by 10210.
204
Calculate the remainder when 46434321 is divided by 22.
21
Calculate the remainder when 6185887 is divided by 32.
31
What is the remainder when 50330 is divided by 16717?
179
Calculate the remainder when 10655808 is divided by 146.
144
What is the remainder when 205919 is divided by 775?
544
What is the remainder when 207094370 is divided by 69031456?
2
What is the remainder when 247535754 is divided by 19?
11
What is the remainder when 897507 is divided by 29911?
177
What is the remainder when 15549 is divided by 968?
61
Calculate the remainder when 19210 is divided by 19112.
98
What is the remainder when 15287 is divided by 1339?
558
What is the remainder when 49127920 is divided by 398?
392
What is the remainder when 12035426 is divided by 4320?
4226
Calculate the remainder when 1735138 is divided by 564.
274
Calculate the remainder when 45799 is divided by 560.
439
Calculate the remainder when 248083489 is divided by 5.
4
What is the remainder when 230597 is divided by 57487?
649
What is the remainder when 1449497 is divided by 90586?
121
What is the remainder when 1775737 is divided by 77?
40
Calculate the remainder when 812 is divided by 334.
144
What is the remainder when 7724961 is divided by 486?
477
Calculate the remainder when 7238213 is divided by 75.
38
Calculate the remainder when 2605888 is divided by 934.
28
What is the remainder when 22502775 is divided by 18060?
15
What is the remainder when 265310464 is divided by 25?
14
What is the remainder when 1036001 is divided by 1519?
43
What is the remainder when 284381 is divided by 201?
167
Calculate the remainder when 1788165 is divided by 32511.
60
Calculate the remainder when 173114 is divided by 34602.
104
Calculate the remainder when 1157668 is divided by 16538.
8
Calculate the remainder when 533361 is divided by 1670.
631
What is the remainder when 119175131 is divided by 71?
69
Calculate the remainder when 127975 is divided by 14206.
121
What is the remainder when 1073627 is divided by 78?
35
Calculate the remainder when 1157611 is divided by 5.
1
Calculate the remainder when 49344822 is divided by 140.
2
What is the remainder when 13305233 is divided by 446?
161
What is the remainder when 37529 is divided by 37307?
222
What is the remainder when 23716615 is divided by 1083?
1081
What is the remainder when 517254 is divided by 1577?
1575
What is the remainder when 32974733 is divided by 13?
12
What is the remainder when 6368615 is divided by 2677?
32
What is the remainder when 137449319 is divided by 73?
28
What is the remainder when 849572 is divided by 22351?
234
Calculate the remainder when 2866645 is divided by 76.
1
Calculate the remainder when 627464 is divided by 59.
58
Calculate the remainder when 7625 is divided by 5955.
1670
Calculate the remainder when 2678006 is divided by 1338780.
446
What is the remainder when 86864497 is divided by 1526?
1525
Calculate the remainder when 39712 is divided by 2775.
862
What is the remainder when 415929 is divided by 138556?
261
Calculate the remainder when 529976 is divided by 8681.
435
Calculate the remainder when 1803475 is divided by 1803305.
170
Calculate the remainder when 26202266 is divided by 9.
8
What is the remainder when 198824 is divided by 693?
626
What is the remainder when 2374420 is divided by 183?
178
Calculate the remainder when 619187 is divided by 206222.
521
Calculate the remainder when 11900685 is divided by 114.
111
What is the remainder when 47646744 is divided by 34?
28
Calculate the remainder when 13039485 is divided by 2376.
2373
Calculate the remainder when 139604822 is divided by 2503.
2500
What is the remainder when 317444 is divided by 158712?
20
What is the remainder when 452426 is divided by 3739?
7
What is the remainder when 160112 is divided by 376?
312
Calculate the remainder when 156735 is divided by 51848.
1191
Calculate the remainder when 26619486 is divided by 13.
10
Calculate the remainder when 203054 is divided by 1781.
20
What is the remainder when 7252321 is divided by 139?
135
Calculate the remainder when 60192 is divided by 11082.
4782
Calculate the remainder when 3626954 is divided by 774.
764
What is the remainder when 147190 is divided by 158?
92
What is the remainder when 23509 is divided by 10287?
2935
Calculate the remainder when 396375 is divided by 7338.
123
What is the remainder when 2845991 is divided by 3294?
3269
Calculate the remainder when 109703 is divided by 109562.
141
What is the remainder when 7712092 is divided by 247?
11
Calculate the remainder when 8968636 is divided by 268.
16
What is the remainder when 4727602 is divided by 130?
22
What is the remainder when 163004 is divided by 27161?
38
What is the remainder when 274377 is divided by 35?
12
Calculate the remainder when 18412191 is divided by 30.
21
What is the remainder when 24887192 is divided by 4935?
4922
Calculate the remainder when 2288 is divided by 434.
118
Calculate the remainder when 64566156 is divided by 949502.
20
What is the remainder when 337309 is divided by 89?
88
Calculate the remainder when 184791 is divided by 2177.
1923
What is the remainder when 9316139 is divided by 9?
5
Calculate the remainder when 54508 is divided by 18131.
115
What is the remainder when 695366 is divided by 346997?
1372
What is the remainder when 33436 is divided by 3679?
325
Calculate the remainder when 20514249 is divided by 41.
22
Calculate the remainder when 5748993123 is divided by 1414.
1413
Calculate the remainder when 36109547 is divided by 46235.
12
What is the remainder when 7129 is divided by 6992?
137
Calculate the remainder when 3063748 is divided by 47.
6
What is the remainder when 309343 is divided by 2557?
2503
What is the remainder when 70754 is divided by 34655?
1444
Calculate the remainder when 14767055 is divided by 1477.
9
What is the remainder when 5040 is divided by 1385?
885
What is the remainder when 232196 is divided by 2418?
68
What is the remainder when 25553 is divided by 25076?
477
Calculate the remainder when 296860814 is divided by 15.
14
What is the remainder when 48394055 is divided by 12098512?
7
What is the remainder when 3234239 is divided by 8694?
71
What is the remainder when 2735987 is divided by 136799?
7
Calculate the remainder when 7238669 is divided by 61.
43
What is the remainder when 27935 is divided by 6951?
131
Calculate the remainder when 826069183 is divided by 6885.
6883
Calculate the remainder when 33832209 is divided by 168.
33
Calculate the remainder when 39498590 is divided by 6489.
47
What is the remainder when 162521 is divided by 215?
196
Calculate the remainder when 39834998 is divided by 365.
358
Calculate the remainder when 212834 is divided by 2624.
290
What is the remainder when 674593917 is divided by 5544?
5541
Calculate the remainder when 78620 is divided by 63.
59
Calculate the remainder when 31945 is divided by 2279.
39
Calculate the remainder when 9260 is divided by 1079.
628
What is the remainder when 1385921 is divided by 5373?
5060
Calculate the remainder when 424891 is divided by 385.
236
What is the remainder when 138311 is divided by 5305?
381
What is the remainder when 1505045 is divided by 164?
17
Calculate the remainder when 8434415 is divided by 1913.
1911
Calculate 